der when j(9) is divided by i(-13).
22
Suppose 0*t + 4*n = 5*t - 73, n = -2. What is the remainder when 19 is divided by t?
6
Let l = -4 + 1. Let p = l + 6. Calculate the remainder when 4 is divided by p.
1
Let n(h) = 17*h**2 + h + 1. Let a be n(-2). Suppose -4*d - a + 171 = 0. Suppose 2*u - d = 18. Calculate the remainder when u is divided by 12.
10
Suppose -3*j + 37 = -5*p, -29 = -0*j - 3*j + p. What is the remainder when 26 is divided by j?
8
Let f = 3 + 0. Suppose 29 = x + 3*u, -121 = -2*x - f*x - 3*u. Calculate the remainder when x is divided by 8.
7
Let f(j) = 9*j**2 + j**3 - 16*j + 4*j**2 + 1 - 2. Calculate the remainder when f(-14) is divided by 10.
7
Let c(u) = u**3 + u**2 - 2*u + 40. What is the remainder when c(0) is divided by 11?
7
Suppose x = -8 + 21. What is the remainder when 38 is divided by x?
12
Let p be (0 + 1)/((-4)/(-16)). Suppose -4*k - 88 = 3*d - 260, p*d + 200 = 4*k. What is the remainder when k is divided by 16?
14
Let s be (-2)/(5/(-3) - -1). Let c = 3 - s. Suppose c = z - 0*z - 6. Calculate the remainder when 17 is divided by z.
5
Let h = 15 + 16. What is the remainder when 183 is divided by h?
28
Suppose 2*s = -3*p + 41, 2*s - 25 = 2*p + 21. Calculate the remainder when s is divided by (-2)/4 - (-50)/4.
10
Let l(o) = o - 9. Let u be l(12). Suppose 24 = m + u*m. Calculate the remainder when m is divided by 2.
0
Suppose 3*t = 2*v + 9, 4*t - 3*v + 0 = 12. What is the remainder when 10 is divided by t?
1
Suppose 2*v + 2*v = -20. Let a(r) be the third derivative of -r**4/12 + r**3/6 - 2*r**2. What is the remainder when 31 is divided by a(v)?
9
Suppose -5 = -y - 2*c, y + 3 = 2*c + 8. Let i(f) = -3*f + 1. Calculate the remainder when -5*y/(-1 - 0) is divided by i(-4).
12
Let w be 8*(-4)/(8/26). Suppose r + 4*k - 46 = 90, 0 = -3*r + 3*k + 453. Let p = r + w. What is the remainder when p is divided by 15?
14
Suppose -4*k + 16 = -n, -2*k = -k - n - 7. Let p(d) = -d**3 + 5*d**2 + 2*d - 4. Calculate the remainder when 58 is divided by p(k).
18
Suppose m - 548 = 271. Suppose 4*d - m = -311. Suppose -3*n + 50 = -d. What is the remainder when n is divided by 20?
19
Suppose -r + 8 + 48 = 0. Suppose -2*y - 3*q = -77, 2*q = -2*y + 6*q + r. What is the remainder when y is divided by 9?
7
Suppose 0 = -2*p + 4*q + 6, -q = 5*p - 1 - 3. What is the remainder when 9 is divided by ((-5 - -2) + 8)/p?
4
Let b be (1 + -7)*2/(-4). Suppose -48 = -b*m - 0*m. Calculate the remainder when m is divided by 6.
4
Calculate the remainder when 142 is divided by 0 - 1/(-10)*4*90.
34
Suppose 6*z - 12 = 12. Calculate the remainder when z is divided by 2.
0
Suppose -2*i = i + 4*q - 37, 0 = 4*i - 5*q - 39. What is the remainder when 42 is divided by i?
9
What is the remainder when 31 is divided by (-564)/(-52) - (-2)/13?
9
Suppose 0 = -j - 0 + 2. Suppose 0*y - 4*s + 40 = 2*y, -j*s = 4*y - 62. What is the remainder when 40 is divided by y?
12
Let p(w) be the first derivative of w**4/4 + 2*w**3 + 6*w + 1. Calculate the remainder when (-2)/(-3)*(17 + -2) is divided by p(-6).
4
Let j(o) = o**3 + 5*o**2 - 9*o - 9. Suppose -3*t - 60 = 3*i, -3*t - 56 = 2*i + 5. Let n = -6 - t. What is the remainder when n is divided by j(-6)?
6
Let u be -7 - (2 + -1 - -2). Let p = -8 - u. Calculate the remainder when p is divided by 2.
0
Let c(t) = t**2 + 7*t - 2. Let n = 213 - 103. Calculate the remainder when n is divided by c(-10).
26
Let i(k) = k**2 - 5*k - 3*k**3 - 4*k**2 + k - 2. Calculate the remainder when 52 is divided by i(-2).
16
Let x = 14 - 5. Let o(g) = -g**2 - 7*g + 3. What is the remainder when x is divided by o(-7)?
0
Suppose 4*n = -6 - 6. Suppose -3*q - f + 27 = -4*f, -f = -4*q + 24. What is the remainder when q is divided by ((-8)/n)/(12/18)?
1
Suppose 5*h + 10 = 0, -y + 56 = 3*h + 16. Let j(b) = -2*b. Let a(u) = u**2 + 7*u. Let z be a(-6). What is the remainder when y is divided by j(z)?
10
Let l = 204 + -193. What is the remainder when 39 is divided by l?
6
Suppose -m - 21 + 2 = 0. What is the remainder when 36 is divided by (-1 + m)/(-3 - -1)?
6
Let r be 2/((1/(-6))/(-1)). What is the remainder when 50 is divided by 2 - (2 - 4)*r?
24
Let j(m) = 2*m - 6. Suppose 2*c + 4 - 1 = 3*i, -5*i = -5. Suppose -8*b + 4*b - 3*s + 24 = c, 7 = b + s. Calculate the remainder when j(7) is divided by b.
2
Suppose 4*w + 40 = 2*l, 2*w - 4*w = 4*l - 50. What is the remainder when (l/6)/((-1)/(-12)) is divided by 10?
8
Suppose -7*d + 14 + 49 = 0. What is the remainder when 35 is divided by d?
8
Suppose 12*n = 15*n - 216. Let z = -50 + n. Suppose f + 2*g - 10 = 69, -g - 3 = 0. What is the remainder when f is divided by z?
19
Suppose -m + 5 + 13 = 0. Suppose 3*k = -m - 24. Let n = k - -24. What is the remainder when 28 is divided by n?
8
Let i = -25 - -29. Suppose 4*s - 3*c = 312, s = -0*s + 5*c + 95. Suppose -s = -i*k - k. What is the remainder when k is divided by 8?
7
Let z = 99 + -85. What is the remainder when 27 is divided by z?
13
Calculate the remainder when 4 + ((-1)/1 - -74) is divided by 40.
37
What is the remainder when (-535)/(-10) - (-3)/(-6) is divided by 28?
25
Let i(m) = 2*m + 2. Let o be i(2). Let k = o - 4. What is the remainder when (k/(-3))/((-1)/48) is divided by 17?
15
Let j be 2 - (-3 + 10 + -1). Let m(r) = 2*r**2 - 2*r + 2. What is the remainder when m(j) is divided by 11?
9
Suppose 2*l + 6 = 4*y, 2*y - 3 = 4*l - 3*y. Let p = l + 21. Calculate the remainder when p is divided by 13.
11
Suppose -412 = 5*z + 268. Let o = -91 - z. Calculate the remainder when o is divided by 24.
21
Calculate the remainder when 1 + (-1)/1 + 27 is divided by (4/(-6)*-21)/2.
6
Let z(a) be the second derivative of -7*a**3/6 - a**2/2 - a. Calculate the remainder when 11 is divided by z(-1).
5
Let n be (-34)/8 + 2/8. Let m be 58/4 + (-2)/n. Suppose -5*k - 2 - 7 = -3*r, 5*r - m = -5*k. Calculate the remainder when 4 is divided by r.
1
Let y be (-7)/(-2) - (-1)/2. Let p = 15 - 5. Calculate the remainder when y/10 + 93/5 is divided by p.
9
Let k = 11 + -8. Suppose 3*x - k = 0, -d = -3*d + x + 53. Calculate the remainder when d is divided by 10.
7
Let v = 151 - 123. Calculate the remainder when ((-44)/6)/((-2)/15) is divided by v.
27
Let a = -3 + 10. Let j = 2 + -1. Let h = j + 18. Calculate the remainder when h is divided by a.
5
Let n(g) = -g**3 + 16*g**2 + 17*g + 21. Suppose 3*x + 4*o - 3 = 9, 5*x - o - 43 = 0. What is the remainder when n(17) is divided by x?
5
Let m = 26 - 63. Let j = -18 - m. Calculate the remainder when 36 is divided by j.
17
Suppose -d + 5 = -9. Let j(x) = -x**3 + 14*x**2 + 4*x - 15. Suppose -105 = -3*o - 2*o. What is the remainder when j(d) is divided by o?
20
Calculate the remainder when 46 is divided by (-51)/24*2*-4.
12
Let f = -259 - -276. Let j(r) = r + 66. Calculate the remainder when j(0) is divided by f.
15
Let w be 144/15*15/(-2). Let m = 107 + w. What is the remainder when m is divided by 12?
11
Let w(s) = -4*s - 1. Calculate the remainder when w(-3) is divided by 4.
3
Let h = -15 - -24. Let t = 9 - 6. Suppose -3*d - t = 0, -5*d + 6 = -j + 44. What is the remainder when j is divided by h?
6
Suppose -35*z + 39*z - 96 = 0. Calculate the remainder when 64 is divided by z.
16
Suppose 5*w + 4*x - 106 = 1819, w - 4*x = 385. Suppose 0 = -3*t - 2*t + w. What is the remainder when t is divided by 26?
25
Let x = 247 - 134. Calculate the remainder when x is divided by 39.
35
Suppose -3*i = -5*k, 2*k - 6*k = 3*i. Suppose k = y + 3*y - 108. What is the remainder when y is divided by 14?
13
Suppose 4*g = 5*m - 94, 5*g + 0 = m - 2. Let c(i) = i**3 + i**2 + 8. Calculate the remainder when m is divided by c(0).
6
Suppose 0*x - 4*b = 2*x - 70, 9 = 3*b. Calculate the remainder when x is divided by 8.
5
Let r(m) = -30*m + 2. Let g(b) = -4*b + 2. Let i be g(1). Calculate the remainder when r(i) is divided by 16.
14
Let i = 3 + 16. Calculate the remainder when 53 is divided by i.
15
Suppose t - 2 = -0. Let g(v) = v**2 - 1. Let r be g(t). Suppose 0*k = -4*f - r*k + 95, -4*f - k + 85 = 0. What is the remainder when f is divided by 11?
9
Suppose -99 = -3*o + 30. Calculate the remainder when 126 is divided by o.
40
Suppose -5*t - 6 = -3*t. Let w = 0 - t. Let x(h) = h. What is the remainder when x(5) is divided by w?
2
Suppose 2*s = 4*n + 32 - 130, s = -3. What is the remaind